8922 a multiple of 814?
True
Is 9 a factor of 527464368?
True
Is 236566038 a multiple of 27?
False
Is 131772336 a multiple of 92?
True
Is 3198884 a multiple of 9?
False
Is 48599574 a multiple of 117?
False
Is 1504 a factor of 163090752?
True
Is 2089 a factor of 466868252?
False
Is 1713 a factor of 31630545?
True
Does 11 divide 1413443757?
True
Does 2809 divide 209172185?
True
Does 62 divide 98594570?
True
Is 3325 a factor of 39899401?
False
Does 171 divide 249524581?
False
Does 154 divide 863415497?
False
Is 6263305 a multiple of 4?
False
Does 478 divide 16077530?
True
Is 28831936 a multiple of 161?
False
Is 13 a factor of 2104012333?
False
Does 24 divide 15599922?
False
Does 390 divide 651690?
True
Is 3233843672 a multiple of 9?
False
Is 7 a factor of 13034945?
True
Is 4373 a factor of 767457127?
True
Does 677 divide 90689566?
True
Does 299 divide 98795240?
False
Is 983563846 a multiple of 1148?
False
Does 4529 divide 419219892?
False
Is 773828739 a multiple of 947?
True
Does 80 divide 1629920?
True
Is 115 a factor of 2052652?
False
Does 10 divide 102482414?
False
Does 131 divide 141717241?
True
Is 69948032 a multiple of 128?
True
Does 21 divide 48989617?
False
Is 393655648 a multiple of 32?
True
Is 536212710 a multiple of 270?
True
Is 187631360 a multiple of 344?
True
Is 926 a factor of 245788491?
False
Is 115174224 a multiple of 81?
True
Is 57664474 a multiple of 98?
True
Is 646527870 a multiple of 90?
True
Does 116 divide 177583038?
False
Is 3298754 a multiple of 179?
False
Is 45 a factor of 684813105?
True
Does 13 divide 158868957?
True
Is 12 a factor of 74757648?
True
Is 1343484500 a multiple of 68?
True
Is 24474148 a multiple of 2641?
False
Is 915 a factor of 218345813?
False
Is 8000900 a multiple of 53?
False
Does 1650 divide 235522650?
True
Is 4780716070 a multiple of 8749?
True
Is 1604106 a multiple of 126?
True
Does 2485 divide 35018620?
True
Is 2415 a factor of 38287410?
True
Does 862 divide 171221646?
True
Is 2159806285 a multiple of 368?
False
Does 5248 divide 1527137620?
False
Is 261807560 a multiple of 11?
False
Does 91 divide 2352399?
False
Is 8162869 a multiple of 138?
False
Is 4219956 a multiple of 762?
True
Is 3 a factor of 146089?
False
Is 40597978 a multiple of 149?
False
Is 405 a factor of 103850910?
True
Is 16286460 a multiple of 463?
False
Does 277 divide 19909652?
True
Is 14 a factor of 59960640?
False
Does 35 divide 18892467?
False
Does 180 divide 20530878?
False
Is 4145141 a multiple of 101?
True
Is 131114655 a multiple of 4495?
True
Does 243 divide 258562873?
False
Is 1506525804 a multiple of 126?
True
Is 700820901 a multiple of 9?
True
Does 12 divide 724649386?
False
Does 68 divide 26387672?
True
Is 42 a factor of 12485592?
True
Does 35 divide 6356908?
False
Is 24306961 a multiple of 41?
False
Is 22 a factor of 842987781?
False
Does 9 divide 266897295?
True
Is 5517 a factor of 242208178?
False
Is 27 a factor of 964291561?
False
Does 21 divide 264969432?
True
Does 1090 divide 13427710?
True
Is 17 a factor of 83505342?
False
Is 150932217 a multiple of 216?
False
Does 1909 divide 119772569?
True
Is 2274 a factor of 34507470?
False
Is 9 a factor of 4787775?
True
Is 22584013 a multiple of 28?
False
Is 990 a factor of 114389129?
False
Is 6901 a factor of 2636754783?
True
Does 48 divide 123412975?
False
Does 80 divide 67890282?
False
Is 2695 a factor of 67210605?
True
Is 9713732 a multiple of 76?
False
Does 2443 divide 2452943010?
True
Is 211 a factor of 55117828?
False
Does 1235 divide 41887495?
True
Is 22466136 a multiple of 12?
True
Does 2235 divide 11607992?
False
Does 10 divide 18392543?
False
Does 748 divide 23495352?
False
Does 1105 divide 745954560?
True
Is 40706398 a multiple of 1033?
True
Is 782 a factor of 1024012514?
False
Is 11440 a factor of 1273240927?
False
Is 121 a factor of 498543326?
False
Is 228 a factor of 56600088?
True
Is 30 a factor of 1244491710?
True
Is 20 a factor of 37034940?
True
Does 9 divide 22840038?
True
Is 29 a factor of 1200686940?
False
Does 80 divide 1549474711?
False
Is 40 a factor of 5460082?
False
Does 191 divide 30897404?
False
Is 199 a factor of 386760492?
False
Is 404850780 a multiple of 45?
True
Does 193 divide 216758035?
False
Is 31823375 a multiple of 2875?
True
Is 1530 a factor of 158145390?
True
Is 6 a factor of 106782252?
True
Does 49 divide 30226140?
True
Is 375 a factor of 10081441?
False
Does 21 divide 27282612?
True
Is 5436 a factor of 1761247692?
True
Does 307 divide 469527949?
True
Is 91 a factor of 55324724?
True
Is 954 a factor of 274576751?
False
Is 271611486 a multiple of 5659?
False
Does 1283 divide 128374414?
True
Does 41 divide 986665082?
True
Is 32 a factor of 25181081?
False
Is 967 a factor of 45597918?
True
Does 29 divide 378325847?
False
Does 1515 divide 461100325?
False
Is 3816677 a multiple of 139?
False
Does 24 divide 138886152?
True
Is 32 a factor of 657957905?
False
Does 95 divide 2331362?
False
Does 1405 divide 51257872?
False
Does 352 divide 2889920?
True
Does 267 divide 24240152?
False
Is 50384572 a multiple of 1270?
False
Is 117667000 a multiple of 2750?
True
Is 22 a factor of 32070522?
True
Does 1884 divide 22790475?
False
Does 138 divide 6946644?
True
Does 8962 divide 1982161388?
True
Is 383947625 a multiple of 2019?
False
Is 15 a factor of 5851350?
True
Is 314 a factor of 102271960?
False
Is 67 a factor of 19937056?
True
Does 36 divide 1183580681?
False
Is 206 a factor of 845399540?
False
Does 722 divide 238702?
False
Does 241 divide 5661571?
False
Is 2256951780 a multiple of 1115?
True
Is 63062881 a multiple of 3?
False
Is 124 a factor of 37289156?
True
Is 10259695 a multiple of 136?
False
Is 42 a factor of 61481941?
False
Is 1979 a factor of 1429368372?
True
Is 39652228 a multiple of 77?
True
Does 15 divide 240906000?
True
Is 3190 a factor of 568371870?
True
Does 556 divide 14051158?
False
Is 20 a factor of 33314030?
False
Is 356 a factor of 8247096?
True
Is 1855 a factor of 45181501?
False
Does 529 divide 99064955?
False
Is 50571045 a multiple of 111?
True
Is 12 a factor of 116598780?
True
Does 17 divide 4022149?
True
Does 1471 divide 38107726?
True
Does 359 divide 28195860?
True
Does 47 divide 28090302?
True
Does 19 divide 41826923?
True
Is 10060280 a multiple of 376?
False
Is 134050914 a multiple of 11?
False
Is 11 a factor of 90257455?
False
Is 11114532 a multiple of 221?
True
Is 420 a factor of 42615100?
False
Does 5525 divide 1046285825?
True
Is 610253727 a multiple of 130?
False
Is 1256739392 a multiple of 9964?
True
Is 20 a factor of 199177137?
False
Does 9 divide 133295276?
False
Is 123659742 a multiple of 11?
False
Does 12 divide 5443956?
True
Is 143339338 a multiple of 79?
True
Is 2 a factor of 175746808?
True
Is 27 a factor of 69347985?
False
Is 68 a factor of 62443856?
True
Does 159 divide 910418069?
False
Is 4307 a factor of 16383828?
True
Is 2 a factor of 219164752?
True
Is 2456 a factor of 27944368?
True
Is 40 a factor of 68632519?
False
Does 275 divide 465563450?
True
Does 99 divide 55951533?
True
Is 151 a factor of 255245417?
True
Is 55372824 a multiple of 5?
False
Is 387 a factor of 531870353?
False
Is 16899511 a multiple of 6?
False
Is 11827609 a multiple of 290?
False
Is 33 a factor of 52423591?
False
Does 2472 divide 20245680?
True
Does 64 divide 24522560?
True
Is 299 a factor of 1009964218?
False
Is 243 a factor of 179181676?
False
Is 495703478 a multiple of 6055?
False
Is 287275106 a multiple of 178?
False
Is 3270348 a multiple of 36?
True
Is 311 a factor of 18169934?
False
Does 552 divide 533430608?
False
Is 6 a factor of 20781295?
False
Is 313804130 a multiple of 31?
False
Is 52 a factor of 3574220?
True
Is 594246702 a multiple of 246?
True
Does 58 divide 156712737?
False
Is 31 a factor of 602123199?
True
Is 77868325 a multiple of 79?
True
Is 1793 a factor of 21464003?
True
Is 49 a factor of 45364788?
True
Does 8 divide 58131702?
False
Does 1002 divide 303688656?
False
Is 89929700 a multiple of 490?
True
Is 310339888 a multiple of 16?
True
Does 176 divide 834932959?
False
Is 9683 a factor of 2127006512?
True
Is 335337200 a multiple of 16?
True
Is 4164486 a multiple of 2?
True
Is 1175277238 a multiple of 1337?
False
Is 196 a factor of 362467504?
True
Does 26 divide 2645032?
True
Is 1293 a factor of 1084913631?
Tr